is divided by s(-4).
11
Suppose 23*v - 18*v = 165. Calculate the remainder when v is divided by 17.
16
Let r(q) = -q. Let j be r(-4). Suppose 0 = -a + 2*x - 2, 7 = -2*a + x + j*x. What is the remainder when 6 is divided by a?
2
Let k = -7 - -12. What is the remainder when 9 is divided by k?
4
Suppose 0 = -4*l, 4*q + 4*l = 146 - 10. What is the remainder when q is divided by 18?
16
Suppose -17 - 13 = -3*g. Suppose 2*n - 3*u + 2 = 6, 2*n + u = -12. What is the remainder when (-2)/n + (-55)/(-2) is divided by g?
8
Let q(f) = -2*f - 23. Calculate the remainder when 67 is divided by q(-20).
16
Let f(h) = 5*h - 4. Let o(m) be the third derivative of m**6/120 + m**5/20 - m**4/12 - m**3/3 - 2*m**2. Calculate the remainder when f(3) is divided by o(-2).
5
Let q be (-3)/12 + (-27)/(-12). Suppose 0 = -q*n + 2*a - a + 21, -5*n = 5*a - 30. Calculate the remainder when 16 is divided by n.
7
Suppose c - 4*m = -m - 11, -11 = -4*c + m. Suppose 4 = 3*n - 23. What is the remainder when n is divided by c?
1
Let p(j) = j**3 + 3*j**2 - 6*j - 6. Let u(g) = 2*g - 10. What is the remainder when u(8) is divided by p(-4)?
0
Let j = 20 + -14. What is the remainder when 27 is divided by j?
3
Let o(s) = -s**3 - 4*s**2 - s + 2. Suppose m - 1 = -5. Let d be o(m). What is the remainder when 0*2/d + 3 is divided by 2?
1
Suppose -2*k + 4*k + 4*s = 12, 5*k - 23 = -3*s. Let y = k + 1. Calculate the remainder when 3*(-2 + 10/2) is divided by y.
4
Let z(u) = u + 2. Suppose x + 4*x = 10. Let m = 13 - x. Calculate the remainder when m is divided by z(2).
3
Let d be (-2236)/(-18) - 8/36. Let a = -47 + d. Calculate the remainder when a is divided by 20.
17
Suppose 14 = 3*y + p, 3*y - 12 = -p - 2*p. Calculate the remainder when y is divided by 2.
1
Let u = 16 + -8. What is the remainder when 14 is divided by u?
6
Suppose -24 = -4*y + 20. Calculate the remainder when 30*(-3)/(9/(-2)) is divided by y.
9
Suppose -4*j - 1 + 65 = 0. Suppose 5*o + 2*d = 7*d - 35, j = 4*d. Let s = o + 6. What is the remainder when 7 is divided by s?
1
Suppose -5*j - 13 = -3*m, 5*m + 2*j + 0*j = 1. What is the remainder when 3 is divided by m?
0
Let s(b) = b**3 + 8*b**2 - b - 7. Let d be s(-8). Suppose 4*l = -4*m + 154 + 10, 0 = l + 2*m - 36. Calculate the remainder when l is divided by 78/6 + (0 - d).
10
Let x = 35 - 34. Calculate the remainder when 9 is divided by x.
0
Let q be (-3 + 2)*2/(-1). Suppose -y - 4*h = -q*h + 2, 3*y = -3*h + 6. Calculate the remainder when 17 is divided by y.
5
Let a = 43 + -15. Suppose -5*d + a = -17. Let u = -237 - -254. Calculate the remainder when u is divided by d.
8
Let s(g) = -g**2 - 5*g + 3. Let d be s(-5). Suppose 0 = -d*k + 39 + 6. What is the remainder when 43 is divided by k?
13
Let a(h) = -h**3 - h**2 - 5*h + 96. Calculate the remainder when a(0) is divided by 28.
12
Let f = -3 + 6. Suppose -f*o - o = -36. Suppose n - 6*n + 20 = 0. Calculate the remainder when o is divided by n.
1
What is the remainder when (-81)/(-4)*1*4 is divided by 21?
18
Suppose u + 3*i = -1, u = -0*u + 4*i + 20. Calculate the remainder when 29 is divided by u.
5
Let i(f) = -f**3 - 13*f**2 - 5*f - 19. What is the remainder when i(-13) is divided by 12?
10
Calculate the remainder when 38 is divided by 21/(-2)*64/(-48).
10
Suppose -2*o + 31 = 3*c, -1 = -3*c + 8. Suppose 3*p + 2*k = 31, 0 = 4*p + 4*k + 1 - 49. What is the remainder when o is divided by p?
4
Suppose -3*d - d = 0. Suppose y + 0*y - 24 = d. Calculate the remainder when y is divided by 9.
6
Let p(g) = g**2 - 4*g - 21. What is the remainder when 47 is divided by p(9)?
23
Let d = -41 + 78. Suppose -4*u = -d - 19. Calculate the remainder when 41 is divided by u.
13
Let j(t) be the second derivative of 0*t**2 + 0 + t - 13/3*t**3. Calculate the remainder when j(-1) is divided by 14.
12
Suppose -4*z = 4*o - 892 + 304, -z + 148 = 2*o. What is the remainder when z is divided by 37?
35
Suppose 8 = 5*i + 4*m - 18, 4*i + 3*m = 20. Suppose 4*a = -i*v - 22, -6*a - 60 = -a - 4*v. What is the remainder when 2/a - 141/(-4) is divided by 12?
11
What is the remainder when 78 is divided by (4 + -5)/(1/(-20))?
18
Let w(a) = a**2 + 5*a - 5. Let x = 39 + -23. Calculate the remainder when x is divided by w(-7).
7
Let x = -87 + 149. What is the remainder when x is divided by 21?
20
Suppose -p + 4*p - 131 = 4*h, 2*h + 139 = 3*p. Suppose -r + 0*r = -3*s - p, 5*r = -2*s + 194. What is the remainder when r is divided by 14?
12
Suppose -14 = 5*h - 4*i, -3*h - 3 = 3*i - 0. Let j be ((-10)/6 + -1)*3. Let v = h - j. Calculate the remainder when 16 is divided by v.
4
Let b = -45 + 77. What is the remainder when b is divided by 12?
8
Let d(t) = t**2 + 8*t - 2. What is the remainder when d(4) is divided by 25?
21
Let u = -2 + 0. Let a = 5 + u. Calculate the remainder when 8 is divided by a.
2
Suppose -25*p = -30*p + 205. Calculate the remainder when 204 is divided by p.
40
Suppose 8*v - 7*v - 17 = 0. Let f(z) = 96*z**2 + 2*z + 1. Let r be f(-1). Calculate the remainder when r/3 + (-1)/(-3) is divided by v.
15
Suppose -y - 2*r + 5 = -2*y, y - 19 = -4*r. Suppose -7*u = -y*u - d - 204, -160 = -3*u - d. What is the remainder when u is divided by 18?
16
Let v = 22 + -12. Let k(o) = 2*o**2 + 11*o + 7. Let r be ((-7)/(-2))/((-6)/12). What is the remainder when k(r) is divided by v?
8
Let n = -6 + 8. Let u be (-81)/(-6) - (-1)/n. What is the remainder when 9 is divided by 46/u - 4/14?
0
Suppose -p = 2*p - 201. What is the remainder when p is divided by 14?
11
Let l(s) = s**2 + 7*s - 6. Suppose 2*p + 13 = -3. Let j be l(p). Calculate the remainder when 16 is divided by 4 + j + 0/(-2).
4
Let o = 20 + -40. Calculate the remainder when o/(-8) + (-1)/2 is divided by 2.
0
Let y(f) = 9*f**2 - 2*f + 4. Let c be y(3). Suppose c + 8 = 3*k. Calculate the remainder when 84 is divided by k.
26
Suppose -84 = -4*l + 3*u, 4*u - 29 = -3*l + 34. Let t(q) = q**2 + 4*q + 3. What is the remainder when l is divided by t(-5)?
5
Suppose -5*r = v + 1299, r + 168 = -3*v - 89. Calculate the remainder when ((-5)/10)/(2/r) is divided by ((-66)/(-8))/(3/8).
21
Let c(z) = z**2 - 11*z - 27. What is the remainder when 39 is divided by c(-3)?
9
Suppose 2*h = -3*r + 24, 0 = -h - 3*h - r + 48. Calculate the remainder when 47 is divided by h.
11
Let h = -15 + 39. Calculate the remainder when h is divided by 5.
4
Let x(g) = 17*g**2. Let o = 11 + -8. Suppose 4*a - o*a = 66. Calculate the remainder when a is divided by x(-1).
15
Let z = 27 - 15. Let r = 23 - z. Suppose 3*b - 2*b - r = 0. Calculate the remainder when 21 is divided by b.
10
Let b(j) be the second derivative of 11*j**4/6 - 3*j. Calculate the remainder when b(-1) is divided by 6.
4
Suppose 212 = 13*v - 139. Calculate the remainder when v is divided by 7.
6
Let h = 8 - 3. Suppose -h*i = -9 - 6. Suppose -2*n - i*n + 5*s = -70, 4*n - 2*s - 62 = 0. Calculate the remainder when n is divided by 6.
5
Let d = -7 - -18. Let y = d - 1. Calculate the remainder when 28 is divided by y.
8
Suppose -3*y - 55 = -8*y. Calculate the remainder when y is divided by 4.
3
Let p = -64 - -111. Calculate the remainder when p is divided by 25.
22
Let k(q) = q - 6. Let g be k(5). Let w be (16 - 0)/(g/(-1)). Suppose 0*f - w = -f. Calculate the remainder when 46 is divided by f.
14
Let f(h) = 22*h**2 + 4*h - 4. Let t be f(3). Calculate the remainder when 101 is divided by (-3)/(-12) - t/(-8).
23
Let a be -1*(-3)/2*6. Suppose -k = 3, -143 = -4*z + 3*k - 26. Calculate the remainder when z is divided by 6/a - (-56)/6.
7
Suppose 12*k - 15 = 21. What is the remainder when 17 is divided by k?
2
Let t(d) = -d**3 - 4*d**2 + 5*d + 12. Calculate the remainder when t(-5) is divided by 3.
0
Suppose -3*d + 4*z - z - 12 = 0, -3*d - 14 = -z. Let t be d/20 - 10/(-8). Let o = t - -14. Calculate the remainder when 44 is divided by o.
14
Let z(p) = -p + 8. Let h be z(6). Suppose -4*q = 5*o - 0*o - 189, 4*o - h*q - 172 = 0. What is the remainder when o is divided by 14?
13
Let o(w) be the first derivative of w**3/3 - 2*w**2 - 5*w + 3. What is the remainder when o(-4) is divided by 7?
6
Suppose -w = -0*g - 4*g + 12, 0 = w + 4*g - 20. Let d(x) be the third derivative of x**4/4 - x**3 + 2*x**2. What is the remainder when d(w) is divided by 10?
8
Calculate the remainder when 20/6*(-9)/(-2) is divided by